 -2*g - s = -5*u, -3*g = -0*g + 4*u - 28. Suppose -4*b + 850 + 6 = g*c, 12 = 4*c. Is b a prime number?
True
Let u be 3166/4 - (-3)/6. Suppose -5*t + 3*c = 787, 2*c = -2*t - 3*t - u. Let i = -69 - t. Is i composite?
False
Suppose -5*j = -10 - 10. Suppose -452 = j*n - 2640. Is n prime?
True
Suppose 0 = -50*a + 45*a - 3*u + 26350, -26340 = -5*a - 5*u. Is a a composite number?
False
Suppose 3*l = -w + 6485, 2*w = 5*l - 0*l - 10801. Is l a composite number?
False
Suppose -q = -3*q + 30. Suppose q = -5*i, -5*y - 4*i = -154 - 454. Suppose 0 = m - y - 213. Is m composite?
False
Suppose 0 = -9*j + 2109 + 2202. Suppose -8*h = -7*h - j. Is h a composite number?
False
Is 8 - (-7 + 17) - (-69461 + -4) a prime number?
True
Let k(b) = 8*b - 1. Let p be k(-2). Let r = p - -17. Suppose r*y = 5*y - 1265. Is y a prime number?
False
Let u = 58 - 55. Suppose 0 = u*v + 3280 - 9889. Is v prime?
True
Let h(d) = -d + 10. Let b be h(6). Suppose -4*o - 14 = -2*o + 2*p, b*p = -2*o - 24. Is o/11 - 340/(-55) a prime number?
False
Let k = -6891 + 11504. Is k composite?
True
Let f(d) be the second derivative of -d**5/20 + d**4 + d**3/3 - 7*d**2/2 - d. Let v be f(5). Suppose -1 = r, -c + v = c + 4*r. Is c a composite number?
True
Let p(u) = -720*u - 143. Is p(-6) prime?
True
Let k = -3804 - -18991. Is k composite?
False
Suppose 7*d - 10 = 2*d. Is -4 + d - -77*9 a prime number?
True
Let y(p) = p**3 - 4*p**2 - 5*p + 2. Let u be y(5). Suppose 5*v = -2*m + 1527, 5*v - u*m = m + 1547. Is v prime?
True
Let w(a) = -a**2 + 5*a + 5171. Is w(0) a composite number?
False
Let g = 1889 + -1049. Let d = 244 + -375. Let r = d + g. Is r a composite number?
False
Let c = -38 - -39. Is -3178*2*c/(-4) composite?
True
Let a be -10 + 7 + 6 + -1. Let v be a/(4/(-6)) + 16. Let i = v - -240. Is i composite?
True
Let s = -31 + 24. Is 10/(-35)*s*1594/4 a prime number?
True
Is 292457/11 + (-4 - 0) a composite number?
True
Let j be (4/4)/(1/221). Let s be -149 - (80/24)/((-2)/(-3)). Let o = j + s. Is o composite?
False
Let s(l) = -2*l + 4. Let t be s(4). Is 1/(13094/(-3274) - t) a composite number?
False
Suppose -4*g - 784 = 4*i, -4*i = 2*g + 3*g + 981. Let b be (6 - 37)*28/(-2). Let a = g + b. Is a a prime number?
False
Let c = -1686 + 13667. Is c composite?
False
Let x(j) = -1123*j + 2. Let h = -18 + 17. Let t be x(h). Suppose -2*o + 914 = 4*k, -k + t = 4*k - o. Is k a prime number?
False
Let n(d) = 629*d**2 - d - 1. Let b(s) = s**2. Let q(m) = 4*b(m) + n(m). Is q(-1) composite?
True
Suppose 0*n - 5 = -5*n, -5*o = -4*n - 1996. Suppose -5*j + 25 + o = 0. Is j a composite number?
True
Let i = -33 - -37. Suppose 4*y - 1650 = h, i*y + 3*h - 301 = 1357. Is y prime?
False
Suppose 4*q - q = 0. Let s be -1 + (q - -3) + 180. Let o = -103 + s. Is o a prime number?
True
Suppose m = 1 + 1. Suppose 3*s - 6*s - 12 = f, -m*f + 3 = -3*s. Is ((-110)/6 - -3)*s prime?
False
Suppose 3*s = n + 4*n - 1505, 3*n - 903 = -5*s. Let v be (-697)/4 + (-1)/(-4). Let i = v + n. Is i a prime number?
True
Let z = -43 + 7. Is (-3277)/((z/6)/6) prime?
False
Suppose 56616 = 2*f - 0*o - o, 5*o = 5*f - 141550. Is f a prime number?
False
Let t = 2 + 3. Suppose -o + 12 = 2*o + 3*d, t*o + 3*d = 22. Suppose 3*g = 5*c - 1103, 3*c + o*g - 657 = 32. Is c prime?
True
Let g = -573 - -1426. Is g composite?
False
Suppose 2*x - 11 = -3. Suppose 0 = x*j - 11*j + 847. Is j prime?
False
Is -10*(0 + (-6)/15) + 30535 composite?
False
Suppose 6*p - 1454416 = -10*p. Is p composite?
False
Suppose -2*c + 14804 = 4*g - 30682, c + 5*g - 22749 = 0. Is c prime?
True
Suppose 4*r = -3*g + 511, 0 = g - 4*r - 32 - 133. Let y be g + -1*(-4 - -1). Let p = 549 - y. Is p a composite number?
True
Let o(y) = -55*y + 10. Let a = 38 - 47. Is o(a) prime?
False
Let c be 18/48*-4*(-2)/(-3). Is 0 + 253 - (1 + c) prime?
False
Let u be -3*((-14)/3 + 0). Suppose 53 = -u*n + 15*n. Is n composite?
False
Suppose -16*n + 1192 + 20616 = 0. Is n a prime number?
False
Is (-191520)/(-55) - 26/143 a composite number?
True
Let c be 3/(-12)*2*0. Suppose -z + p + 1216 = c, 2 = -4*p - 18. Is z composite?
True
Suppose -3*y = 2*w - 13, -4*w + 8*y = 4*y + 4. Let t(q) = 131*q**3 + q**2 + 2*q - 1. Is t(w) prime?
False
Let f(r) = r**2 + 4*r + 3. Let q be f(-3). Suppose q*n = -5*n + 645. Is n prime?
False
Let o(h) = h**3 + 13*h**2 + 11*h - 17. Let y be ((-108)/(-42))/(6/(-28)). Let r be o(y). Let k(u) = u**3 + 7*u**2 + 3*u + 4. Is k(r) composite?
True
Let t(q) be the second derivative of -4*q**5/5 + q**3/2 + 5*q**2/2 - 7*q. Is t(-2) a composite number?
False
Suppose -5*m - j = 4*j - 25, j + 3 = m. Suppose 283 = 3*v + m*p - 2*p, v = 5*p + 83. Is v a composite number?
True
Let q = -45 + 51. Let x(t) = 4*t**2 - 3*t + 1. Is x(q) a prime number?
True
Suppose 0 = -22*h + 6224 + 2994. Is h a prime number?
True
Let t = -9341 + 6203. Let s = -2173 - t. Is s prime?
False
Let o(p) = 2*p**2 + p**2 + 7*p**3 - 2 - p**2 - 167*p**3. Let a be o(-2). Suppose -5*q - 31 + a = 0. Is q a prime number?
True
Let c = 1070 + 6599. Is c composite?
False
Is (5196516/8)/13*4/6 composite?
False
Suppose 6*p - 7*p = -284. Let b = 487 - p. Is b a composite number?
True
Let b = -11 - -42. Suppose -2*g = -5*r - b - 38, -3*r - 34 = -g. Suppose -g - 45 = -o. Is o prime?
False
Let h(c) = 6*c + 14. Let z be h(-4). Let b(i) = -24*i - 41. Is b(z) a composite number?
False
Let t = 17 + -13. Suppose v - t = -v. Let m(r) = 133*r - 1. Is m(v) a composite number?
True
Suppose 34536 = 25*n - n. Is n a prime number?
True
Let h = 10 - 9. Suppose -2*a = h + 5. Is (-77)/a + (-4)/6 a prime number?
False
Suppose -2*o + 45666 = -5*x, o + 2*o - 68517 = 3*x. Is o a prime number?
False
Let i = -34 - -40. Is (-166)/((-9)/(27/i)) a composite number?
False
Let z(u) = 16*u**2 - 28*u - 13. Let q be z(-19). Is (2 - 18/10)*q a composite number?
False
Suppose -2*f + 2677 - 617 = 0. Let v = -615 + f. Is v a prime number?
False
Let g = -109547 - -155226. Is g composite?
True
Let v be (-2 - (-3 - 0))*13. Suppose v*q = 9912 + 14567. Is q prime?
False
Let k = -464 + 1757. Is k a prime number?
False
Let q(g) = -4*g**3 - 6*g**2 - 4*g + 13. Let j be 2 + (-4)/1 - (-105)/(-21). Is q(j) a composite number?
True
Let i(o) = 11*o**3 - 5*o**2 - 18*o - 7. Is i(8) composite?
True
Let f(s) = s**3 - 18*s**2 - 20*s + 20. Let p be f(19). Is -2*((-3798)/4 - p) prime?
True
Let i = 48 - 27. Is 4 + 3792/21 + 9/i composite?
True
Let p(a) be the third derivative of 0 - 1/2*a**3 + 37/6*a**4 + 0*a + 6*a**2. Is p(2) composite?
False
Let r(l) = -9*l + 1. Let s be r(-1). Suppose 13*n = 11*n + s. Is (-1)/((10/(-746))/n) composite?
False
Let u be (-1)/((3 + -4)/3). Suppose -810 = -5*k + 3*i, -k + 164 = 2*i - u*i. Suppose 3*d + k = 540. Is d composite?
False
Suppose 194 = 4*z - 50. Let t = 112 - z. Is t a prime number?
False
Let s(n) = 41*n**3 + n**2 - 6*n + 4. Let z(v) = 20*v**3 + v**2 - 3*v + 2. Let h(f) = 3*s(f) - 5*z(f). Let o be h(-4). Is (15 + -16)/(2/o) composite?
True
Let b(k) = 30*k**2 - 33*k - 157. Is b(-28) a prime number?
False
Let o be (6/(-12))/(2/(-8)). Suppose 746 = o*h + 2*h + 2*t, 0 = t + 3. Let s = h - 91. Is s composite?
False
Suppose 43 = -b + 36. Let r(i) be the second derivative of -i**5/20 - i**4/6 + 5*i**3/3 + 8*i**2 - 6*i. Is r(b) a composite number?
False
Is (4073184/(-432))/(((-8)/(-3))/(-4)) prime?
True
Let p = 9 - 6. Suppose -4*o - 5*d = -11, 15 = p*o + 3*d - 6*d. Suppose o*t - 35 = 21. Is t a composite number?
True
Let n be (4 + 34/(-8))*-20. Let a be -21 + (4 - (0 + n)). Is 33/a*1618/(-3) a prime number?
True
Let a(t) = 10*t**2 + 7*t + 5. Let p be a(-5). Suppose 2*w - 2*q - 40 = 70, p = 4*w - 5*q. Is w prime?
False
Is (-2)/39 + (-40121959)/(-897) prime?
True
Let s = -24 - -26. Suppose 30 = s*j - 0*j - 4*l, -3*j + 41 = -4*l. Is j prime?
True
Suppose a - 2230 = x, -5*a - 4464 = -7*a + x. Is a composite?
True
Suppose -j - 3*y + 2606 = 0, 3*y + 4760 = 4*j - 5679. Is j prime?
True
Let c(f) = f + 5. Let n be c(-2). Suppose n*k - 16 = 7*k. Is (-1712)/(-32) - (-2)/k a prime number?
True
Let z = -696 - -219. Let u = -1096 + 1820. Let b = z + u. Is b a composite number?
True
Suppose 6*o + 2643 - 51525 = 0. Is o a composite number?
False
Suppose -18 = -3*u - 0*u. Suppose -c + 4 = u. Is 1 + 129 + c + -1 a composite number?
False
Let s(l) = 326*l**2 - 44*l - 601. Is s(-11) a 